 prime factors of 2021302.
2, 821, 1231
What are the prime factors of 435650?
2, 5, 8713
What are the prime factors of 431880?
2, 3, 5, 59, 61
What are the prime factors of 13476971?
17, 31, 107, 239
What are the prime factors of 692487?
3, 76943
List the prime factors of 89650.
2, 5, 11, 163
List the prime factors of 1020295.
5, 204059
List the prime factors of 3720899.
7, 13, 31, 1319
List the prime factors of 237568.
2, 29
List the prime factors of 218848.
2, 7, 977
What are the prime factors of 4338223?
4338223
What are the prime factors of 7726?
2, 3863
List the prime factors of 1137917.
11, 31, 47, 71
List the prime factors of 903646.
2, 451823
What are the prime factors of 7483920?
2, 3, 5, 31183
List the prime factors of 2478805.
5, 7, 70823
List the prime factors of 673464.
2, 3, 11, 2551
List the prime factors of 11295097.
11, 977, 1051
List the prime factors of 98178.
2, 3, 16363
What are the prime factors of 3487203?
3, 19, 20393
List the prime factors of 14099191.
29, 486179
List the prime factors of 2990787.
3, 31, 32159
What are the prime factors of 16516487?
13, 1270499
What are the prime factors of 406501?
406501
What are the prime factors of 3427617?
3, 1142539
What are the prime factors of 4804241?
13, 369557
What are the prime factors of 3066677?
41, 74797
List the prime factors of 11398252.
2, 19, 47, 3191
What are the prime factors of 623557?
11, 56687
What are the prime factors of 967055?
5, 269, 719
List the prime factors of 239358.
2, 3, 7, 41, 139
List the prime factors of 11209840.
2, 5, 140123
What are the prime factors of 32938?
2, 43, 383
What are the prime factors of 3944103?
3, 1314701
What are the prime factors of 413733?
3, 137911
What are the prime factors of 1791753?
3, 61, 9791
What are the prime factors of 646699?
59, 97, 113
What are the prime factors of 612595?
5, 17, 7207
What are the prime factors of 44635?
5, 79, 113
List the prime factors of 3977766.
2, 3, 13, 89, 191
What are the prime factors of 5081341?
19, 267439
List the prime factors of 4700085.
3, 5, 13, 24103
List the prime factors of 121310.
2, 5, 7, 1733
List the prime factors of 8447095.
5, 23, 73453
What are the prime factors of 3558405?
3, 5, 157, 1511
What are the prime factors of 507503?
507503
List the prime factors of 54420.
2, 3, 5, 907
List the prime factors of 467741.
29, 127
What are the prime factors of 16364173?
7, 347, 6737
List the prime factors of 895864.
2, 113, 991
What are the prime factors of 16681644?
2, 3, 7, 53, 1249
What are the prime factors of 538179?
3, 179393
List the prime factors of 6447550.
2, 5, 128951
What are the prime factors of 22940264?
2, 67, 127, 337
List the prime factors of 130950.
2, 3, 5, 97
List the prime factors of 4069797.
3, 1356599
What are the prime factors of 2747622?
2, 3, 97, 4721
What are the prime factors of 1847853?
3, 7, 3259
What are the prime factors of 580964?
2, 61, 2381
List the prime factors of 608576.
2, 37, 257
What are the prime factors of 26977625?
5, 19, 37, 307
What are the prime factors of 128084?
2, 11, 41, 71
What are the prime factors of 1152411?
3, 13, 2273
What are the prime factors of 26746?
2, 43, 311
List the prime factors of 5153655.
3, 5, 13, 19, 107
List the prime factors of 478498.
2, 419, 571
List the prime factors of 98968.
2, 89, 139
List the prime factors of 989652.
2, 3, 82471
What are the prime factors of 794589?
3, 173, 1531
What are the prime factors of 411155?
5, 82231
List the prime factors of 2640754.
2, 1320377
What are the prime factors of 4372968?
2, 3, 29, 61, 103
List the prime factors of 2226927.
3, 43, 61, 283
List the prime factors of 908266.
2, 73, 6221
List the prime factors of 6317623.
13, 443, 1097
What are the prime factors of 491713?
41, 67, 179
List the prime factors of 571119.
3, 127, 1499
What are the prime factors of 300072?
2, 3, 12503
What are the prime factors of 8627384?
2, 29, 41, 907
List the prime factors of 2231457.
3, 743819
What are the prime factors of 6169893?
3, 2056631
What are the prime factors of 75344?
2, 17, 277
List the prime factors of 474491.
474491
List the prime factors of 7879.
7879
What are the prime factors of 4869120?
2, 3, 5, 317
What are the prime factors of 2758665?
3, 5, 7, 13, 43, 47
List the prime factors of 115382.
2, 31, 1861
What are the prime factors of 3255286?
2, 1627643
What are the prime factors of 5953991?
5953991
List the prime factors of 1087008.
2, 3, 13, 67
List the prime factors of 8684031.
3, 2894677
List the prime factors of 66739.
66739
What are the prime factors of 6233631?
3, 1223, 1699
What are the prime factors of 669330?
2, 3, 5, 37, 67
What are the prime factors of 416018?
2, 208009
What are the prime factors of 4042756?
2, 23, 43943
List the prime factors of 1055647.
37, 103, 277
What are the prime factors of 271049?
47, 73, 79
List the prime factors of 166282.
2, 71, 1171
What are the prime factors of 2585300?
2, 5, 103, 251
List the prime factors of 1111544.
2, 7, 23, 863
List the prime factors of 839407.
683, 1229
What are the prime factors of 23876487?
3, 2652943
What are the prime factors of 10381170?
2, 3, 5, 346039
What are the prime factors of 3564379?
7, 13, 23, 131
What are the prime factors of 4997157?
3, 11, 151429
List the prime factors of 245345.
5, 49069
List the prime factors of 800891.
7, 13, 677
List the prime factors of 4236932.
2, 7, 21617
What are the prime factors of 108206?
2, 7, 59, 131
List the prime factors of 1148746.
2, 574373
What are the prime factors of 158407?
158407
What are the prime factors of 388269?
3, 7, 6163
List the prime factors of 2883050.
2, 5, 23, 109
What are the prime factors of 47987?
47, 1021
What are the prime factors of 75554?
2, 37, 1021
List the prime factors of 1683931.
463, 3637
List the prime factors of 98066.
2, 49033
What are the prime factors of 27578?
2, 13789
List the prime factors of 15395046.
2, 3, 79, 32479
What are the prime factors of 14403116?
2, 7, 13, 39569
What are the prime factors of 8048428?
2, 29, 69383
What are the prime factors of 12542915?
5, 7, 11, 32579
List the prime factors of 18588077.
47, 395491
What are the prime factors of 1355718?
2, 3, 7, 13, 191
What are the prime factors of 889789?
19, 46831
What are the prime factors of 361779?
3, 11, 19, 577
What are the prime factors of 1270117?
853, 1489
What are the prime factors of 4983769?
7, 711967
List the prime factors of 400872.
2, 3, 16703
What are the prime factors of 1107583?
1107583
List the prime factors of 786391.
19, 41389
List the prime factors of 427226.
2, 213613
What are the prime factors of 5614294?
2, 7, 41, 9781
List the prime factors of 862102.
2, 431051
What are the prime factors of 22463229?
3, 7487743
What are the prime factors of 20356?
2, 7, 727
What are the prime factors of 16400170?
2, 5, 1640017
List the prime factors of 501510.
2, 3, 5, 73, 229
List the prime factors of 105119.
7, 15017
List the prime factors of 943422.
2, 3, 97, 1621
What are the prime factors of 587569?
29, 20261
What are the prime factors of 2205330?
2, 3, 5, 19, 53, 73
What are the prime factors of 1371796?
2, 342949
List the prime factors of 182445.
3, 5, 12163
What are the prime factors of 14691370?
2, 5, 19, 77323
What are the prime factors of 15824283?
3, 19, 73, 3803
List the prime factors of 2197448.
2, 11, 24971
List the prime factors of 54455.
5, 10891
What are the prime factors of 254515?
5, 109, 467
List the prime factors of 491284.
2, 263, 467
List the prime factors of 4752658.
2, 2376329
List the prime factors of 2727191.
17, 160423
List the prime factors of 331839.
3, 36871
List the prime factors of 11146514.
2, 5573257
What are the prime factors of 287693?
7, 73, 563
List the prime factors of 5383708.
2, 11, 31, 3947
What are the prime factors of 19019395?
5, 3803879
List the prime factors of 1621539.
3, 6673
What are the prime factors of 2269580?
2, 5, 37, 3067
What are the prime factors of 4073036?
2, 11, 92569
What are the prime factors of 2587803?
3, 61, 79, 179
List the prime factors of 14429262.
2, 3, 2404877
What are the prime factors of 1298188?
2, 17, 1123
List the prime factors of 130543.
7, 17, 1097
What are the prime factors of 1606181?
389, 4129
List the prime factors of 928637.
928637
List the prime factors of 597219.
3